/186 - ((-5)/(-6))/5)?
4
Suppose 3*t - 5*h + 4411 = 0, 7160 + 205 = -5*t - 5*h. What is the tens digit of 4/6*(-4 + (-1 - t))?
7
Suppose -3*n + 4*y + 64760 = 0, 36*n = 40*n - 7*y - 86340. What is the ten thousands digit of n?
2
Let m be (-48)/20*(-140)/21. Suppose -14*n = -m*n + 594. What is the hundreds digit of n?
2
Suppose 0 = -67*f + 41*f + 109954. Suppose -31*l = -f - 38520. What is the hundreds digit of l?
3
Let z(c) = 147*c**2 + 45*c + 656. What is the thousands digit of z(-8)?
9
Suppose -4*r - y + 8760 = 0, 0 = -2*r - 13*y + 9*y + 4394. What is the tens digit of r?
8
Suppose 3*c + 538 = 5*c. Suppose 3*r - o = -c, 4*r = 6*r - o + 179. Let h = 19 - r. What is the units digit of h?
9
Suppose 0 = -12*v - 2752 - 6728. Let w = v + 1390. What is the units digit of w?
0
Let z be (-96)/4*15/(-12). Let t(j) = j**3 - 30*j**2 + 6*j + 23. What is the tens digit of t(z)?
0
Let h(v) = v**3 - 3*v**3 + v**3 - 5*v + 2*v**2 - 1860 + 1857 - v**2. Let l(k) = -k**3 + 4*k**2 - 4. Let z be l(4). What is the tens digit of h(z)?
9
Let s(k) = -18*k - 102. Let y be s(-6). What is the hundreds digit of 5150/20 + (3/y - 1)?
2
Suppose 2523043 = 322*a - 8753397. What is the tens digit of a?
2
Suppose -2*j + 2*y + 2559 = -105835, 0 = -4*y - 8. What is the tens digit of j?
9
Let x = -14338 - -32306. What is the thousands digit of x?
7
Let q be (3*(-2)/15)/(2/(-30)). Let d(m) = m**3 - m**2 + m. Let u(v) = 2*v**3 + 2*v**2 + v. Let n(o) = 6*d(o) - 2*u(o). What is the tens digit of n(q)?
9
What is the units digit of 111*18180/108 - 8*1?
7
Let k = 5307 + 1518. What is the hundreds digit of k?
8
Let n = -120 + 192. Let t = n + -75. What is the tens digit of t/7 - 4823/(-49)?
9
Suppose -2*z - 10 - 2 = -2*p, 5*p + 3*z = 30. Suppose 593 = 16*h - 943. Suppose -12*d = -p*d - h. What is the tens digit of d?
1
Let z = -28 - 84. Let u = z - -265. What is the tens digit of u?
5
Let r(g) = 960*g**2 + 13*g - 86. What is the units digit of r(5)?
9
Suppose 5*a - 2287 = -2267, -3*g = 4*a - 160393. What is the ten thousands digit of g?
5
Let n(v) be the third derivative of 2*v**5/15 - 7*v**4/12 + 25*v**3 + 91*v**2. What is the units digit of n(11)?
4
Let v(o) = 2*o**2 + 22*o - 2. Let q be v(-11). Let c be 48/(-18) - -4 - q/(-6). What is the units digit of ((-120)/(-2))/c + (0 - 2)?
8
Let t be (2/(4/(-3)))/(21/(-56)). Suppose -t*j - 3210 = -9*j. What is the hundreds digit of j?
6
Suppose -2*s - 6 = -m + 101, -4*m = 5*s - 402. Suppose -4*y = 4*n - 436, -n = 7*y - 4*y - m. What is the tens digit of n?
1
Let z(n) = n**3 + 2*n**2 - 18*n - 10. Let a = 73 + -78. Let x be z(a). Suppose y - 1 = 2*y, -x*r + 925 = -5*y. What is the units digit of r?
4
Let z(h) = 14*h + 19. Let i be z(-13). Suppose -5*k + 184 = -5*y - 56, 2*y = 5*k - 84. Let b = y - i. What is the units digit of b?
1
Let i(v) = 127*v**2 - 7*v - 63. What is the hundreds digit of i(8)?
0
Let p(i) = 2*i**2 + 28*i - 44. Let a be p(-17). Let b = a + 773. What is the units digit of b?
1
Suppose -5*v = -x - 53007, 20*x - 29 = 31. What is the hundreds digit of v?
6
Let a be 4/(-3) - (-42)/18*-2. Let m be (-4)/(9 + -1) + (-783)/a. What is the tens digit of m + (-25)/((-20)/4)?
3
Suppose 2*o = -4*k + 10, -5*o - 2*k = -3*k - 25. Let u be 4418/o - -2 - 8/(-20). Suppose 0 = -9*l + 203 + u. What is the tens digit of l?
2
What is the thousands digit of 5291608/147 + (-3)/9?
5
Let u = -1863 - -812. Let l = u - -1727. What is the tens digit of l?
7
Suppose -c - 245 = 4*r + 345, 2*r - 2*c + 300 = 0. Let w = r + 699. What is the tens digit of w?
5
Let u = -3966 + 5879. What is the tens digit of u?
1
Let j(d) = 6*d**2 + 3*d - 18. Suppose 3*v = 4*o - 13, -5*v + 17 = -2*o + 5*o. What is the units digit of j(o)?
0
Let r(y) be the second derivative of 4*y**3 + 23*y**2/2 - 2*y - 15. What is the units digit of r(9)?
9
Let q(s) = -s**2 - 24*s + 34. Let x be q(-25). Suppose 1770 = -5*j + x*j + 2*l, 446 = j + 4*l. What is the units digit of j?
2
Let d be -3*4/12*-3. What is the tens digit of 103*((-8)/(-4) + d)?
1
Let w(n) = -n**2 + 2*n. Let m be w(1). Suppose 28*s - 21*s = -630. What is the units digit of m*66 + (s/9)/5?
4
Suppose -2*s + 28586 = 10*h - 8*h, -5*h + 4*s = -71465. What is the ten thousands digit of h?
1
Let l = 23267 - 15720. What is the units digit of l?
7
Suppose 10*t - 12*t + 2 = 0. What is the units digit of 6/t - 4795/(-35)?
3
Suppose -2*y - 6265 = -22*y + 1317255. What is the tens digit of y?
7
Suppose 0*w - 11123 = -3*w + 2*a, 18541 = 5*w - 2*a. Let o = -2327 + w. What is the hundreds digit of o?
3
Let w(h) = -h**2 - 13*h + 20. Let d be w(-15). Let z(n) = n + 10. Let o be z(d). Suppose 4*p + i - 799 = o, 5*p + i = 29 + 971. What is the hundreds digit of p?
2
Let a be ((-238)/(-63) - 4) + 10244/9. Let b = a - 36. What is the units digit of b?
2
Let w(t) = 5893*t**2 + 447*t - 898. What is the hundreds digit of w(2)?
5
Suppose 664529 = -162*t + 610464 + 1258859. What is the units digit of t?
7
Let u(h) = -28 - 8*h + h**2 + 10*h - h - 8*h. Let c be u(12). Let z = 137 - c. What is the units digit of z?
5
Suppose -42*g - 4851 = -28245. Suppose 4*u - s = g, 5 = u + 3*s - 131. What is the units digit of u?
9
Let n = -11714 - -30953. What is the tens digit of n?
3
Suppose -3*d - 2*p = -47165, -3*p - 6341 = -4*d + 56523. What is the tens digit of d?
1
Let p(r) = r**3 + 4*r**2 - r - 6. Let h be p(-4). Let b be (10/(-3) - h)*48. Let j = 117 - b. What is the tens digit of j?
8
Let g(x) = 2*x + 4. Let q be g(17). What is the tens digit of (q + 15)*1/((-2)/(-58))?
3
Let m(h) = 4*h**3 + 34*h**2 - 65*h + 59. Let q(p) = -p**3 - 2*p. Let o(r) = -m(r) - 5*q(r). What is the hundreds digit of o(32)?
2
Let k = -109 - -174. Let l = -67 + k. What is the units digit of -27*(0 - (l - -4))?
4
Let o(h) = -4*h**3 - 51*h**2 - 10*h + 263. What is the units digit of o(-17)?
6
Let z be (-132)/1 + 4 + -4. Let a be -5*(-5)/((-100)/(-8)). What is the tens digit of (a/(-3))/(266/z - -2)?
4
Suppose 98*v - 1567629 = -47*v - 22*v. What is the units digit of v?
7
Let v(u) = 8*u**3 - 4*u - 3. Let n be v(-2). Let z = n + 65. Suppose 50 - 908 = -z*s. What is the units digit of s?
3
Suppose -176*n = 229*n - 53*n - 9207264. What is the ten thousands digit of n?
2
Suppose 2*k + r - 4847 = 0, 2*k = 4*k + 5*r - 4867. What is the thousands digit of k?
2
Let z(a) = -19*a**3 + a**2 - a + 1. Let d = -45 + 55. Let n be ((-2)/(-5))/((-2)/d). What is the units digit of z(n)?
9
What is the units digit of (11/(-132)*8)/(1/(-25635))?
0
Suppose -4*l + 171756 = 5*p, 0 = -5*l + 12*p - 6*p + 214744. What is the thousands digit of l?
2
Let r = 16106 - -23964. What is the thousands digit of r?
0
What is the tens digit of ((-1)/(4/(-2016)*-2))/((-3)/580)?
2
Let i be 2/(-3) + (-87)/(-18)*14. Let q = i + -67. Suppose -2*r + 3*x + 362 = q, r - 6*x = -x + 167. What is the units digit of r?
7
Let q(b) = 7*b**2 - 7*b + 20. Let x be q(-19). Suppose 0 = -h - 3*h - 3*y + 2163, -5*h + y = -x. What is the tens digit of (-4)/(-16) + (h/12 - 1)?
4
Suppose l - 2*l + 5*r + 28 = 0, -5*l + 4*r = -182. Suppose 0 = -16*g + l*g - 12672. What is the hundreds digit of g?
5
Let l(k) = k**2 - 12*k + 30. Suppose 6*d - 75 = d. Let t be l(d). Let x = -26 + t. What is the tens digit of x?
4
Suppose -31*n + 5*w = -32*n + 12552, w = -2*n + 25059. What is the hundreds digit of n?
5
Let y be (-2)/9 - 19/((-2052)/48192). What is the tens digit of y - (3 - (3 + -1))?
4
What is the hundreds digit of 1387095/99 + (-174)/2871?
0
Suppose 3*t - 59 + 47 = 0. Suppose 2*j = -3*m - 3*j + 780, 1023 = t*m + j. What is the tens digit of m?
5
Suppose 2236 = 10*y - 3544. What is the hundreds digit of y?
5
Let a(p) = -139*p**2 + p. Let x(v) = v**2 - v - 1. Let g(j) = a(j) + 3*x(j). Let w be g(-1). Let i = -100 - w. What is the tens digit of i?
3
Suppose 4*o - 2*k - 227732 = 0, 2*o + 289*k - 286*k - 113842 = 0. What is the hundreds digit of o?
9
What is the thousands digit of 6/4*(-1090944)/(-216)?
7
Let v = 939 + -1669. Let o = 261 - v. What is the tens digit of o?
9
Suppose 4*w + 5*b = 122462, 7*b + 30616 = w + 8*b. What is the hundreds digit of w?
6
Suppose -v + 5*v = q - 18922, 0 = 4*q - v - 75568. What is the tens digit of q?
9
Suppose 42*k - 403520 - 201868 = 0. What is the tens digit of k?
1
Let k(g) = 8*g**2 + 4*g - 47. Suppose -n = 215 - 226.